/4 - d**3 - d**2 - 2*d + 1. Let m = 274 - 270. Calculate w(m).
6
Let y(a) = 3*a**3 - a**2 + 1. Suppose 4*g + 25 = 8*g - j, 5*j = -g - 20. Let d(p) = p + p**2 + 0*p - 7*p + 6. Let b be d(g). Calculate y(b).
3
Let s(b) = 1 - 5 - 4*b + 5*b. Suppose 47*m + 56 = 54*m. What is s(m)?
4
Let g(o) = -o**3 + o. Let b(p) = -p**3 - 5*p**2 + p + 6. Let x be b(-5). What is g(x)?
0
Suppose 5*h + 5*r - 240 = 0, r - 247 = -5*h + 3*r. Let f(p) = 2 - h*p - p**2 + 52*p - 4 + 1. Determine f(1).
1
Let n(z) = -z + 0 + 9 - 6. Give n(4).
-1
Let y(l) = -2*l + 4. Let o(n) = 5*n - 8. Let p(m) = 3*o(m) + 7*y(m). Determine p(0).
4
Suppose 1 = 2*a - s, 3*a - 2*a = s - 1. Let d be (0/(a/2))/1. Let h be d/(-2*(-3)/(-6)). Let t(j) = -j**3 - j**2 - j + 2. Determine t(h).
2
Suppose -4*f = g + 3 + 3, -g - 5*f - 6 = 0. Let n(w) = 9*w + 2. Let t(o) = 8*o + 2. Let r(x) = -6*n(x) + 7*t(x). Give r(g).
-10
Let x(k) = 5*k**3 - 41*k**2 + 30*k + 26. Let o(g) = -g**3 + 8*g**2 - 6*g - 5. Let u(p) = 11*o(p) + 2*x(p). Calculate u(5).
-8
Let x(g) be the third derivative of g**4/8 + 5*g**3/3 - 6*g**2. Let w be x(-5). Let t(p) = -p**3 - 6*p**2 - 5*p + 3. Give t(w).
3
Let f(l) = -l - 2. Let h be f(-5). Let q(n) = -7 - 9*n - 2*n**2 + h*n + n**2. What is q(-6)?
-7
Suppose 3*o - 15 = 4*j, -5*j - o = -0 - 5. Let n(u) = -u**2 + u + 5. What is n(j)?
5
Let x(j) be the third derivative of -j**6/720 - j**5/30 + j**4/8 - j**2. Let b(v) be the second derivative of x(v). Give b(0).
-4
Let n(i) = -6*i**2 - 2*i - 2. Let z(y) = -6*y**2 - 2*y - 1. Let c(k) = 2*n(k) - 3*z(k). Calculate c(1).
7
Let l(c) = c**2 + 2*c + 3. Suppose -7 = -3*t - 16. Give l(t).
6
Let n(v) = 2*v - 2 - 4*v + 2 + 2. Let l(g) = -3*g + 2. Suppose -4*k - 4*x = -2*x + 2, 2*k - 5*x = -31. Let o(t) = k*l(t) + 4*n(t). Determine o(-2).
0
Suppose 2*j = -6, 21 = h - 4*j + 2. Let m(u) = -u**3 + 8*u**2 - 8*u + 2. Determine m(h).
-5
Let l(a) = 11*a + 22. Let g(w) = -5*w - 11. Let v(h) = -5*g(h) - 2*l(h). Let m(d) = -4*d - 12. Let i(c) = 4*m(c) + 5*v(c). Suppose 2*s = 9 + 1. Give i(s).
2
Let t(g) = -3*g**2 + 11*g**2 + 7 - 9*g**2. Give t(0).
7
Let b = -13 - -14. Let v(q) = 2*q**2 - 4*q**2 + q + 3*q**2. Determine v(b).
2
Let u(q) = -q + 5. Let v be u(4). Suppose 0 = 4*f + 5*l - 128, 0 = l - 0 - 4. Let b(w) = -f + w**2 + 27 + 5*w**3. What is b(v)?
6
Let f(u) = u**2 - 7*u + 3. Suppose -4*h + 3*h = -3*r - 11, 0 = 2*h - 2*r - 14. Calculate f(h).
-7
Let p(j) be the first derivative of 1 + 2*j**3 + 5/2*j**2 + 1/4*j**4 + 7*j. Calculate p(-5).
7
Let k(t) = -t**3 - 6*t**2 - t - 1. Let c be k(-6). Suppose -5*a = -10*a + 15. Suppose 9 = -c*m - n - 0, -a = -m - 5*n. Let h(i) = -i - 1. Calculate h(m).
1
Let g(d) = -d**2 - 9*d + 14. Let c be g(-10). Let i(r) = r + 9 - c*r - 8. Suppose t + 4*k - k + 14 = 0, -4*t - 3*k = 20. What is i(t)?
7
Let h(s) = s + 2. Suppose 4*g - 3*r + 0*r = 28, 0 = 5*g - r - 24. Suppose -2*b = -b + q, 0 = -2*b - g*q - 6. What is h(b)?
5
Let u(m) = -m + 3. Suppose 0 = -2*s - 2*s + 3*a + 12, -2*a - 8 = -2*s. Suppose -3 = -q - s. Suppose -5*d + q*d = 8. Calculate u(d).
7
Let z be ((-10)/(-8))/(1/4). Suppose -2*w + i + 1 = 0, 0 = -6*w + 2*w + 4*i - 8. Let j(k) = -6 + 3*k + k - w*k. Calculate j(z).
-1
Let p be -5 - 1*(0 - 1). Let l = p + 5. Let c(q) = 3*q + 1. Calculate c(l).
4
Let o(f) = f**2 - 7. Let b(h) = h - 2 + 4 - h + h. Let z be b(-2). Calculate o(z).
-7
Suppose 9*b + 16 = 13*b. Let z(p) be the third derivative of 1/2*p**3 + 0 - 1/12*p**b - 2*p**2 + 0*p. Calculate z(2).
-1
Let h(v) = -v + 11. Let t be h(9). Let i(r) = r**3 - 4*r**2 + 2*r - 1. What is i(t)?
-5
Let m(u) = 4 + 2*u**3 - 6*u - 3*u**3 - 2*u + 7*u**2. Let y = 14 - 10. Let j be 1/((-50)/(-12) - y). Calculate m(j).
-8
Suppose 2*s = -3*s - 15. Let l(b) = -b**2 - b + 4. Let x be l(s). Let q(i) = -i - 1. Calculate q(x).
1
Let k(g) = g. Let o be -1*(-1 + 0) - -2. Let f be 3*(10/6 - o). Determine k(f).
-4
Let v(u) = -2*u - 7. Let c(h) = 2*h + 6. Let p(z) = -5*c(z) - 4*v(z). Determine p(-3).
4
Let o(k) be the first derivative of -k**3/3 - 5*k**2/2 - 6*k + 3. Let i = 11 + -16. What is o(i)?
-6
Let p(l) = 3 - 2*l**2 + l**2 + 0*l**2 + 1. What is p(-3)?
-5
Suppose -v + 3 = -0. Let g(n) = -v + 2*n + 2*n**2 + 4 + n. Determine g(-2).
3
Suppose -17 = -2*s + 7. Let x be s/(-9)*12/(-2). Let o = x + -7. Let u(i) = -3*i + 1. What is u(o)?
-2
Let c(n) = -n**3 - 6*n**2 - 6*n - 5. Let q be c(-5). Let k(j) = 7 - j**3 - 3*j**2 - 5*j**2 + 2*j**2 + j + q*j. What is k(-6)?
1
Let n be 2/(-5) - (-12)/5. Suppose n*a = -a + 6. Let x be -3*(-2)/(4/a). Let i(d) = d**2 + d - 4. Calculate i(x).
8
Let t = 52 - 56. Let g(b) = b**3 + 3*b**2 + b. Determine g(t).
-20
Let w(j) = -2*j**3 + 3*j**2 + 4*j + 1. Let o(p) = -5*p**3 + 11*p**2 + 13*p + 4. Let k(m) = 2*o(m) - 7*w(m). Determine k(1).
4
Suppose -3*g + 25 = 10. Suppose 36 = 5*y + 11. Let p(s) = y*s + 9 - s - 2 - s**2. What is p(g)?
2
Let n(d) = -12*d + 16. Let j(f) = -5*f + 8. Let v(r) = -5*j(r) + 2*n(r). Determine v(5).
-3
Let z be 2 + 1*-2 + -2. Let l be 1*-1*(2 + 4). Let m be 8/l + z/(-6). Let u(k) = 4*k. Determine u(m).
-4
Let t(j) = j**2 + 4*j - 3. Suppose -l + 13 = -3*s - 2*l, 0 = -s - l - 5. What is t(s)?
-3
Let y(m) be the second derivative of -m**4/12 + m**3/6 - 5*m**2/2 - m. Let g be (-42)/(-9) - (-2)/(-3). Suppose 0 = -g*u + u. Calculate y(u).
-5
Suppose 4*p - 23 + 3 = 0. Let i = -2 + p. Let g(w) = 2*w**2 - 3*w - 2. Calculate g(i).
7
Let x = 3 - 1. Let n(b) = -5*b + 2*b + 1 + 2*b + x*b**2 + b**3 - 2*b. Calculate n(-3).
1
Let u(d) = -5*d + 9. Let k(t) = 15*t - 26. Let v(s) = -6*k(s) - 17*u(s). Let n(b) = 6*b - 3. Let m(q) = 4*n(q) + 5*v(q). Calculate m(-5).
8
Let a(b) = -4*b**2 - 1 + b**2 + 0. Determine a(1).
-4
Let x(r) be the third derivative of -r**7/840 - r**6/72 - r**5/60 - r**4/12 - r**3/3 + 4*r**2. Let g(d) be the first derivative of x(d). Determine g(-4).
-10
Let h(v) be the second derivative of 3/2*v**2 + 0 - v - 1/6*v**3. Determine h(4).
-1
Let u(n) = -266 + 2*n + 0*n + 269 + n. What is u(-4)?
-9
Let z(u) = -u**2 + 4*u - 5. Let p be z(4). Let t(y) = y**3 + 4*y**2 - y + 6. Give t(p).
-14
Let s(j) = j + 4. Let x(v) = -4*v - 8. Let a be x(-3). Suppose 2*r + a*u = -2, 0 = -3*r + 4*u - 2*u - 19. Give s(r).
-1
Let s(c) = 5*c**2 + 2*c**3 - 3*c**3 + 4 + 3*c - 10*c. Let x = -23 - -27. What is s(x)?
-8
Let c be 14/(-3) + (-7)/21. Let m(t) = 2*t**2 + 8*t + 5. Give m(c).
15
Let j be ((-2)/3)/((-1)/3). Suppose j*h = h. Let m(c) = -c**2 + 1. Give m(h).
1
Let i be (-10)/(-25) + 8/5. Let k = i + -3. Let y(g) = -4*g**2 - g. Determine y(k).
-3
Let b(r) = -r**3 - 6*r**2 - 8*r - 9. Let h be b(-5). Let i(w) = w**2 + 4 + h*w + 0 + 0. What is i(-4)?
-4
Let a(d) = -13*d + 22*d - 6*d - d**2. Calculate a(3).
0
Suppose 2*l = 3*t - 10, 3*t - 6*t + 25 = -5*l. Let q(k) = -7 + 0*k + k + k**2 + 0. What is q(t)?
-7
Let g(u) = -u + 8. Suppose 0 = -3*s + 2*s + 5*v + 27, 0 = v + 5. Suppose -3*y - s*r + 18 = 2*y, -5*y + 5*r = -25. What is g(y)?
4
Let p(g) = g**3 - 3*g**2 - 2*g - 1. Suppose -m + 264 = 2*m. Suppose -m + 13 = -3*a. Suppose -4*z - 23 = -h, z + 4*z = -a. Give p(h).
-7
Let i(h) = h - 1 + h + 0*h - 3*h**2 + 4*h**2. Calculate i(-3).
2
Let o(s) be the first derivative of 2*s**2 - 3*s + 2 + 2*s**2 - 5*s**2. Suppose 0*i + 8 = -2*i. Determine o(i).
5
Let m be (3 - 4)/((-1)/2). Let h(y) = -5 + y - 3 + m. Determine h(5).
-1
Let z(f) = f**3 - f**2 + 2*f - 3. Let l be (2/(-7))/((-4)/28). Calculate z(l).
5
Let s(k) = -k**3 + k**2 - k + 1. Let z(t) = 7*t**3 - 14*t**2 + 7*t - 10. Let q(d) = -6*s(d) - z(d). Let o be q(8). Let v(m) = 3*m + 6. What is v(o)?
-6
Suppose 0*o - 4 = o. Let f(x) = -x**2 + 4*x - 1. Let r be f(3). Let i(m) = -3*m - 2 + 0 - 5*m**r - m**3 + 1. Calculate i(o).
-5
Suppose 4*j = j + 6. Let x(h) = -3*h - 1. What is x(j)?
-7
Let z(t) = -t - 6. Let m be z(-6). Let k(a) = m*a**3 - 2*a**3 + a**3 - 1 - 4*a**2 + 3*a. What is k(-5)?
9
Let z(c) = -3*c - 340 + 336 - 4*c**2 + c**3 - 3*c. Determine z(5).
-9
Let r(x) = -x**2 + 6*x + 10. Suppose -7*y = -10*y + 24. Give r(y).
-6
Let w(h) be the second derivative of h**5/20 - h**4/4 + 2*h**3/3 - 2*h**2 - 20*h. Let t = -9 - -19. Let d = t + -7. Calculate w(d).
8
Let j(n) = 2*n**2 + 2*n - 1. Let r(m) = -m**2 + m + 5. Let d be r(4). Let i = d + 8. Calculate j(i).
3
Let g(n) = -2*n**3 - 2*n**2 - 2. Let r be 2 + -5 + (2 - 0). Let j be (